der when z is divided by g.
6
Let u = -28 - -33. Suppose -8 = r - u*r. Calculate the remainder when 6 is divided by r.
0
Let h be (1/(-2))/(8/(-256)). Suppose 3 = 3*o - 6. Suppose -o*m - h = -139. Calculate the remainder when m is divided by 15.
11
Let l = 88 + 167. What is the remainder when l is divided by 51?
0
Suppose -u + 3*p = -48, u - 3*p - 174 = -3*u. Suppose -7*o + u = -o. Calculate the remainder when 18 is divided by o.
4
What is the remainder when (-13 + (-67)/(-5))/(2/1205) is divided by 82?
77
Let c be ((-10)/(-10))/((-30)/(-14) + -2). Let f = 18 - c. What is the remainder when 52 is divided by f?
8
Let n(w) be the second derivative of w**4/12 - w**3/3 + 21*w**2 - 17*w. What is the remainder when 167 is divided by n(0)?
41
Suppose -2*i + 3*j = -115, 3*i - 7*i + 242 = -2*j. Let n = -14 + 30. What is the remainder when i is divided by n?
14
Calculate the remainder when 99 is divided by (-225)/30*4*4/(-24).
4
Let c(q) = -6*q - 3. Let j be c(-2). Let t(y) = 2*y + 13. Let k(r) = -r**2 - 7*r - 4. What is the remainder when t(j) is divided by k(-3)?
7
Suppose -3*t + b + 300 = 0, -4*b + 146 + 254 = 4*t. Suppose 0*z = 5*z + 25, -5*f + t = z. Calculate the remainder when 144 is divided by f.
18
Let k be (-4)/(-3)*(-4812)/(-16). Suppose 21 = -5*x + k. Suppose 3*q - x - 11 = 0. What is the remainder when 113 is divided by q?
26
Suppose -144 = -3*s + 2*s - 5*w, 5*s - 676 = -3*w. Calculate the remainder when s is divided by 20.
14
Let u(d) = -d**3 + 3*d**2 + 6*d - 5. Let z be u(4). What is the remainder when 5 is divided by z - (-2 + (0 - -1))?
1
Let z = 478 + -330. What is the remainder when z is divided by 10?
8
Suppose -36568 = -62*w + 41180. Calculate the remainder when w is divided by 157.
155
Let t(h) = 7*h**2 + h + 1. Suppose 3*x = x - 2. Let a(v) = -v**2 + 52*v - 313. Calculate the remainder when t(x) is divided by a(7).
1
Let s = -30 - -43. What is the remainder when 27 is divided by s?
1
Let y = 514 - 246. Let c be 1502/4 - (-2)/(-4). Let r = c - y. Calculate the remainder when r is divided by 22.
19
Let i = -228 - -643. What is the remainder when i is divided by 32?
31
Suppose -2*v + 113*m - 114*m = -170, -4 = -m. What is the remainder when v is divided by 43?
40
Let l = -405 - -430. Calculate the remainder when 716/10 + 2/5 is divided by l.
22
Let g(u) = 46*u + 33. Calculate the remainder when g(2) is divided by 26.
21
Suppose 0*d + 3*d + 2*b - 118 = 0, -4*d + 2*b = -148. What is the remainder when d is divided by 13?
12
Suppose 2*z + 215 = 5*i, -4*i + 2*z + 263 = 89. What is the remainder when 161 is divided by i?
38
Suppose -5*i + 10*i = 0. Suppose 0 = -2*s + 2*k - i*k + 78, 0 = -5*s - 4*k + 213. What is the remainder when s is divided by 11?
8
Let d = 462 + -284. What is the remainder when d is divided by 55?
13
Suppose -2*r = -5*r + 12. Calculate the remainder when ((-118)/(-4))/(2/r) is divided by 20.
19
Suppose z - 6 = 36. Suppose -4*j + j = -z. Let w = -260 + 311. What is the remainder when w is divided by j?
9
Calculate the remainder when 170 is divided by (6 + (-105 - 7))/(-6 + 4).
11
Let z = 129 + -123. Suppose -z*q + 111 = -273. Calculate the remainder when q is divided by 18.
10
Calculate the remainder when 6*(7 - (1084/(-8) + -6)) is divided by 47.
45
Let o(d) = 0 + 2 - 6*d**2 - d**3 - d**3. Let t(m) = 14*m**2 + 106*m + 17. What is the remainder when t(-8) is divided by o(-4)?
31
Let s(x) = x**2 - 6*x - 3. Let a be s(6). Let u be 7 + (a - 0) + 0. Calculate the remainder when 7 is divided by (6/8)/(1/u).
1
Let d(s) = s**2 + 9*s - 21. Let n be d(4). Suppose 4*c + 85 = 3*q, -c = 3*q - 0*q + 10. Let i = n + c. Calculate the remainder when i is divided by 7.
5
Suppose l + 0*l = 4*v + 19, -3*v - 12 = 0. Let n(w) = 4*w**2 + 7 + 2*w + 0 - 1. What is the remainder when n(l) is divided by 17?
14
Calculate the remainder when 105 is divided by -4*2/4*(-108)/24.
6
Let g = -3 - -14. Let j be (-4 - -20)*1*8. Suppose -2*p + 6 + 58 = -3*o, -2*o - j = -4*p. Calculate the remainder when p is divided by g.
10
Let i(n) = n**3 + 7*n**2 - 6*n - 9. Suppose -g - 5 = -1. Calculate the remainder when i(-7) is divided by g/(-14) - 372/(-21).
15
Let d(y) be the third derivative of -3*y**2 + 1/12*y**4 + 0*y + 5/3*y**3 + 0. Calculate the remainder when 39 is divided by d(0).
9
Let q be (-161)/6 + 3/(-18). Let z = q - -101. Let j = z + -21. Calculate the remainder when j is divided by 11.
9
Let x(l) = 12*l + 22. What is the remainder when x(9) is divided by 31?
6
Suppose -1 = -c + 3. Let l(g) = 7*g - 13. Let h(r) = -7*r + 14. Let m(z) = 4*h(z) + 3*l(z). What is the remainder when c is divided by m(2)?
1
Let i = -598 - -648. Calculate the remainder when 448 is divided by i.
48
Let w = -53 - -107. Suppose 120 = 5*t - 5*j, 0*t - 3*t = 3*j - w. Let f = 180 + -98. Calculate the remainder when f is divided by t.
19
Let a(r) = 177*r**3 + 4*r**2 - 5*r + 1. Calculate the remainder when a(1) is divided by 15.
12
Let r = -307 - -314. What is the remainder when 110 is divided by r?
5
Let c(r) = 2 + 3 - 1 - 2. Let j(g) = -g + 1. Let z(m) = -3*c(m) + 2*j(m). What is the remainder when 16 is divided by z(-5)?
4
Suppose -2637 - 494 = -31*c. Calculate the remainder when c is divided by 36.
29
Let s be 3 + -3 + 54 + 1. Suppose s = 3*f - 14. Suppose -2*d - d + 14 = -2*x, x - 2 = 0. What is the remainder when f is divided by d?
5
Calculate the remainder when (-2)/3 - 110/(-3) is divided by 16.
4
Let c(g) = 2*g**3 + 40*g**2 + 58*g - 11. Calculate the remainder when c(-18) is divided by 27.
25
Let k(q) = q**2 - 6*q + 6. Let x be k(5). Let t(w) = w**3 + 6*w**2 - 4*w - 6. What is the remainder when t(-5) is divided by 13 + x + (-7 - -3)?
9
Let k(v) = v**3 + 4*v**2 - v. Suppose -4*b - m - 5 = -0*b, -4*b = -2*m + 2. Let x(g) = -30*g - 3. Calculate the remainder when x(b) is divided by k(-2).
7
Suppose -4*u - 2*w + 30 = -14, -5*w = -10. Suppose -40 - u = -5*y. What is the remainder when 53 is divided by (-7)/(y/4 - 3)?
11
What is the remainder when 615 - (576/(-90) - 2/(-5)) is divided by 24?
21
Suppose -1071*z = -1073*z + 84. Let w(b) = b**2 - b - 3. What is the remainder when z is divided by w(-3)?
6
What is the remainder when 4/10 - (-6 - 16542/45) is divided by 95?
89
What is the remainder when (-47500)/(-38) + (-21)/(-3) is divided by 90?
87
Suppose 28*x + 455 - 5019 = 0. What is the remainder when x is divided by (33/(-9))/(1/(-9))?
31
Suppose 13*r + 14 = 14*r. Let w = r + -5. What is the remainder when 88 is divided by w?
7
Let u = -33 + 35. Suppose -2*o - 4*f = -12, 3*f - 36 = -4*o - u*f. What is the remainder when o is divided by 3?
2
Suppose -80 = 8*a - 10*a - 2*c, 3*a + 4*c - 125 = 0. Calculate the remainder when 520 is divided by a.
30
Calculate the remainder when 299 is divided by -5 - (3213/(-147) - (-2)/(-14)).
10
Suppose -2*f + 0*f = -n - 32, -5*n - 40 = -2*f. Let y(w) = 40*w**3 + 4*w**2 - 2*w - 1. Calculate the remainder when y(1) is divided by f.
11
Suppose -8*t - 69 - 43 = 0. What is the remainder when (2 - 0)*(-38)/(-4) is divided by 4/t + (-259)/(-49)?
4
Suppose 129*o - 15700 = 29*o. Calculate the remainder when o is divided by 20.
17
Let s = 9 - 3. Suppose 5*c - 6 = -3*g, -2*c = 4*g - 3 - 19. Calculate the remainder when g is divided by s.
1
Let m = -13 + 22. Let y(f) = -f**2 + 2*f + 15. Let t be y(m). Calculate the remainder when 37 is divided by t/20*40/(-12).
5
Suppose -5*v - 123 = 3*m - 5*m, 5*m - 279 = 3*v. Suppose 21*s - 24*s = -m. What is the remainder when 17 is divided by 105/s + (-3)/(-18)?
5
Let l(z) = z**3 - 14*z**2 + 32*z + 16. Let s be l(11). Suppose -27 = -w + 5*o, 4*w - 4*o - 150 = -s*o. What is the remainder when w is divided by 13?
11
Let l(q) = -q**2 + 7*q + 8. Let a be l(7). Let i = 3 + 12. What is the remainder when (a/(-6))/(80/(-1740)) is divided by i?
14
Let c(i) = -i + 16. Let r be -1*(-26 + 3 + 3). Suppose o - 2*w = -5*w + r, 4*w = 16. Calculate the remainder when 29 is divided by c(o).
5
Suppose 0*s = -4*s + 20. Suppose j = -l + 4, l - s*j = -4*l + 50. Let z = 8 + l. What is the remainder when 28 is divided by z?
13
Let g(m) = -5*m**2 - 272*m - 98. Calculate the remainder when 38 is divided by g(-54).
8
Let l(o) be the first derivative of -o**2/2 + 32*o + 22. Calculate the remainder when 95 is divided by l(18).
11
Let j(n) =